{"id":73,"date":"2023-10-07T10:19:59","date_gmt":"2023-10-07T08:19:59","guid":{"rendered":"https:\/\/institutclara.fr\/index.php\/contact\/"},"modified":"2023-12-13T13:46:17","modified_gmt":"2023-12-13T12:46:17","slug":"contact","status":"publish","type":"page","link":"https:\/\/institutclara.fr\/index.php\/contact\/","title":{"rendered":"Contact"},"content":{"rendered":"<div class=\"\" style=\"\" >\n    \n    <section class=\"u-align-center u-clearfix u-image u-shading u-section-2\" id=\"sec-0562\" data-image-width=\"710\" data-image-height=\"710\" style=\"background-image: linear-gradient(0deg, rgba(26, 26, 26, 0.7), rgba(26, 26, 26, 0.7)), url(&quot;https:\/\/institutclara.fr\/wp-content\/uploads\/2023\/10\/547y54r-1.jpg&quot;);\">\n      <div class=\"u-clearfix u-sheet u-sheet-1\">\n        <h1 class=\"u-text u-text-body-alt-color u-text-default-lg u-text-default-md u-text-default-sm u-text-default-xl u-text-1\" data-animation-name=\"customAnimationIn\" data-animation-duration=\"1000\">Bienfaits de notre institut&nbsp;<\/h1>\n        <p class=\"u-custom-font u-text u-text-font u-text-2\" data-animation-name=\"customAnimationIn\" data-animation-duration=\"1000\">Nous vous accueillons dans un espace chaleureux et appesant en vous proposant des prestations de qualit\u00e9 pour prendre soin de vous et relever la beaut\u00e9 naturelle qui se cache en vous.<\/p>\n      <\/div>\n    <\/section>\n    <section class=\"u-clearfix u-grey-5 u-section-3\" id=\"carousel_b673\">\n      <div class=\"u-clearfix u-sheet u-valign-middle-lg u-valign-middle-md u-valign-middle-sm u-valign-middle-xl u-sheet-1\">\n        <div class=\"data-layout-selected u-clearfix u-gutter-56 u-layout-wrap u-layout-wrap-1\">\n          <div class=\"u-layout\">\n            <div class=\"u-layout-row\">\n              <div class=\"u-container-style u-layout-cell u-radius-34 u-shape-round u-size-60 u-white u-layout-cell-1\">\n                <div class=\"u-container-layout u-valign-top-xs u-container-layout-1\">\n                  <h2 class=\"u-align-center-xs u-text u-text-default u-text-palette-2-light-2 u-text-1\">Laissez nous un message<\/h2>\n                  <div class=\"u-form u-form-1\">\n                    <form action=\"https:\/\/forms.nicepagesrv.com\/v2\/form\/process\" class=\"u-clearfix u-form-spacing-10 u-form-vertical u-inner-form\" source=\"email\" name=\"form\" style=\"padding: 0px;\">\n                      <div class=\"u-form-group u-form-name\">\n                        <label for=\"name-513e\" class=\"u-label\">Votre nom<\/label>\n                        <input type=\"text\" placeholder=\"entrez votre nom\" id=\"name-513e\" name=\"name\" class=\"u-border-none u-grey-5 u-input u-input-rectangle\" required=\"\">\n                      <\/div>\n                      <div class=\"u-form-email u-form-group\">\n                        <label for=\"email-513e\" class=\"u-label\">Email<\/label>\n                        <input type=\"email\" placeholder=\"entrez votre adresse mail\" id=\"email-513e\" name=\"email\" class=\"u-border-none u-grey-5 u-input u-input-rectangle\" required=\"\" oldautocomplete=\"remove\" autocomplete=\"off\">\n                        <div id=\"pwm-inline-icon-63244\" class=\"pwm-field-icon\" style=\"margin-top: -11px; margin-left: 1060px; position: absolute !important; width: 18px; height: 18px; min-height: 0px; min-width: 0px; z-index: 2147483645 !important; box-shadow: none !important; box-sizing: content-box !important; background: none !important; border: none !important; padding: 0px; cursor: pointer !important; outline: none !important;\">\n                          <svg style=\"display: inline-block !important; width: 16px; height: 16px; fill: rgb(230, 0, 23) !important; margin-top: 1px; position: absolute !important; top: 0px; left: 0px;\" viewBox=\"0 0 40 64\"><g><path d=\"m20,28.12a33.78,33.78 0 0 1 13.36,2.74a22.18,22.18 0 0 1 0.64,5.32c0,9.43 -5.66,17.81 -14,20.94c-8.34,-3.13 -14,-11.51 -14,-20.94a22.2,22.2 0 0 1 0.64,-5.32a33.78,33.78 0 0 1 13.36,-2.74m0,-28.12c-8.82,0 -14,7.36 -14,16.41l0,5.16c2,-1.2 2,-1.49 5,-2.08l0,-3.08c0,-6.21 2.9,-11.41 8.81,-11.41l0.19,0c6.6,0 9,4.77 9,11.41l0,3.08c3,0.58 3,0.88 5,2.08l0,-5.16c0,-9 -5.18,-16.41 -14,-16.41l0,0zm0,22c-6.39,0 -12.77,0.67 -18.47,4a31.6,31.6 0 0 0 -1.53,9.74c0,13.64 8.52,25 20,28.26c11.48,-3.27 20,-14.63 20,-28.26a31.66,31.66 0 0 0 -1.54,-9.77c-5.69,-3.3 -12.08,-4 -18.47,-4l0,0l0.01,0.03z\"><\/path><path d=\"m21.23,39.5a2.81,2.81 0 0 0 1.77,-2.59a2.94,2.94 0 0 0 -3,-2.93a3,3 0 0 0 -3,3a2.66,2.66 0 0 0 1.77,2.48l-1.77,4.54l6,0l-1.77,-4.5z\"><\/path>\n<\/g><\/svg>\n                        <\/div>\n                        <div id=\"pwm-inline-icon-21963\" class=\"pwm-field-icon\" style=\"margin-top: -32px; margin-left: 299px; position: absolute !important; width: 18px; height: 18px; min-height: 0px; min-width: 0px; z-index: 2147483645 !important; box-shadow: none !important; box-sizing: content-box !important; background: none !important; border: none !important; padding: 0px; cursor: pointer !important; outline: none !important;\">\n                          <svg style=\"display: inline-block !important; width: 16px; height: 16px; fill: rgb(230, 0, 23) !important; margin-top: 1px; position: absolute !important; top: 0px; left: 0px;\" viewBox=\"0 0 40 64\"><g><path d=\"m20,28.12a33.78,33.78 0 0 1 13.36,2.74a22.18,22.18 0 0 1 0.64,5.32c0,9.43 -5.66,17.81 -14,20.94c-8.34,-3.13 -14,-11.51 -14,-20.94a22.2,22.2 0 0 1 0.64,-5.32a33.78,33.78 0 0 1 13.36,-2.74m0,-28.12c-8.82,0 -14,7.36 -14,16.41l0,5.16c2,-1.2 2,-1.49 5,-2.08l0,-3.08c0,-6.21 2.9,-11.41 8.81,-11.41l0.19,0c6.6,0 9,4.77 9,11.41l0,3.08c3,0.58 3,0.88 5,2.08l0,-5.16c0,-9 -5.18,-16.41 -14,-16.41l0,0zm0,22c-6.39,0 -12.77,0.67 -18.47,4a31.6,31.6 0 0 0 -1.53,9.74c0,13.64 8.52,25 20,28.26c11.48,-3.27 20,-14.63 20,-28.26a31.66,31.66 0 0 0 -1.54,-9.77c-5.69,-3.3 -12.08,-4 -18.47,-4l0,0l0.01,0.03z\"><\/path><path d=\"m21.23,39.5a2.81,2.81 0 0 0 1.77,-2.59a2.94,2.94 0 0 0 -3,-2.93a3,3 0 0 0 -3,3a2.66,2.66 0 0 0 1.77,2.48l-1.77,4.54l6,0l-1.77,-4.5z\"><\/path>\n<\/g><\/svg>\n                        <\/div>\n                        <div id=\"pwm-inline-icon-48403\" class=\"pwm-field-icon\" style=\"margin-top: -19px; margin-left: 563px; position: absolute !important; width: 18px; height: 18px; min-height: 0px; min-width: 0px; z-index: 2147483645 !important; box-shadow: none !important; box-sizing: content-box !important; background: none !important; border: none !important; padding: 0px; cursor: pointer !important; outline: none !important;\">\n                          <svg style=\"display: inline-block !important; width: 16px; height: 16px; fill: rgb(230, 0, 23) !important; margin-top: 1px; position: absolute !important; top: 0px; left: 0px;\" viewBox=\"0 0 40 64\"><g><path d=\"m20,28.12a33.78,33.78 0 0 1 13.36,2.74a22.18,22.18 0 0 1 0.64,5.32c0,9.43 -5.66,17.81 -14,20.94c-8.34,-3.13 -14,-11.51 -14,-20.94a22.2,22.2 0 0 1 0.64,-5.32a33.78,33.78 0 0 1 13.36,-2.74m0,-28.12c-8.82,0 -14,7.36 -14,16.41l0,5.16c2,-1.2 2,-1.49 5,-2.08l0,-3.08c0,-6.21 2.9,-11.41 8.81,-11.41l0.19,0c6.6,0 9,4.77 9,11.41l0,3.08c3,0.58 3,0.88 5,2.08l0,-5.16c0,-9 -5.18,-16.41 -14,-16.41l0,0zm0,22c-6.39,0 -12.77,0.67 -18.47,4a31.6,31.6 0 0 0 -1.53,9.74c0,13.64 8.52,25 20,28.26c11.48,-3.27 20,-14.63 20,-28.26a31.66,31.66 0 0 0 -1.54,-9.77c-5.69,-3.3 -12.08,-4 -18.47,-4l0,0l0.01,0.03z\"><\/path><path d=\"m21.23,39.5a2.81,2.81 0 0 0 1.77,-2.59a2.94,2.94 0 0 0 -3,-2.93a3,3 0 0 0 -3,3a2.66,2.66 0 0 0 1.77,2.48l-1.77,4.54l6,0l-1.77,-4.5z\"><\/path>\n<\/g><\/svg>\n                        <\/div>\n                      <\/div>\n                      <div class=\"u-form-date u-form-group u-form-group-3\">\n                        <label for=\"date-b898\" class=\"u-label\">Date du rendez-vous<\/label>\n                        <input type=\"text\" readonly=\"readonly\" placeholder=\"MM\/JJ\/AAAA\" id=\"date-b898\" name=\"date\" class=\"u-border-none u-grey-5 u-input u-input-rectangle u-text-black\" required=\"\" data-date-format=\"mm\/dd\/yyyy\">\n                      <\/div>\n                      <div class=\"u-form-group u-form-phone u-form-group-4\">\n                        <label for=\"phone-bdf8\" class=\"u-label\">Votre num\u00e9ro<\/label>\n                        <input type=\"tel\" pattern=\"\\+?\\d{0,3}[\\s\\(\\-]?([0-9]{2,3})[\\s\\)\\-]?([\\s\\-]?)([0-9]{3})[\\s\\-]?([0-9]{2})[\\s\\-]?([0-9]{2})\" placeholder=\"Saisir votre t\u00e9l\u00e9phone (par ex +330600000000)\" id=\"phone-bdf8\" name=\"phone\" class=\"u-border-none u-grey-5 u-input u-input-rectangle u-text-black\" required=\"\">\n                      <\/div>\n                      <div class=\"u-form-group u-form-message\">\n                        <label for=\"message-513e\" class=\"u-label\">Nous vous \u00e9coutons<\/label>\n                        <textarea placeholder=\"facultatif \" rows=\"4\" cols=\"50\" id=\"message-513e\" name=\"Message : \" class=\"u-border-none u-grey-5 u-input u-input-rectangle\" required=\"\"><\/textarea>\n                      <\/div>\n                      <div class=\"u-align-center u-form-group u-form-submit\">\n                        <a href=\"#\" class=\"u-border-palette-1-light-2 u-btn u-btn-submit u-button-style u-palette-2-light-2 u-text-body-alt-color u-btn-1\">Submit<\/a>\n                        <input type=\"submit\" value=\"submit\" class=\"u-form-control-hidden\">\n                      <\/div>\n                      <div class=\"u-form-send-message u-form-send-success\"> Thank you! Your message has been sent. <\/div>\n                      <div class=\"u-form-send-error u-form-send-message\"> Unable to send your message. Please fix errors then try again. <\/div>\n                      <input type=\"hidden\" value=\"\" name=\"recaptchaResponse\">\n                      <input type=\"hidden\" name=\"formServices\" value=\"2141cb7f-cba0-06d0-e5f2-4751193ebd2a\">\n                    <\/form>\n                  <\/div>\n                <\/div>\n              <\/div>\n            <\/div>\n          <\/div>\n        <\/div>\n      <\/div>\n    <\/section>\n    <section class=\"u-align-center u-clearfix u-container-align-center u-palette-1-light-2 u-section-4\" id=\"sec-a6af\">\n      <div class=\"u-clearfix u-sheet u-valign-middle-lg u-valign-middle-md u-valign-middle-sm u-valign-middle-xl u-sheet-1\">\n        <h2 class=\"u-align-center u-text u-text-default-lg u-text-default-xl u-text-1\" data-animation-name=\"customAnimationIn\" data-animation-duration=\"1500\" data-lang-fr=\"\u200bReady for the best beauty tips?\">Inscrivez vous \u00e0 notre newsletter ?<\/h2>\n        <p class=\"u-align-center u-large-text u-text u-text-default u-text-variant u-text-2\" data-animation-name=\"customAnimationIn\" data-animation-duration=\"1500\" data-animation-delay=\"500\" data-lang-fr=\" \u200bSubscribe to our newsletter to receive inspiration and advice!\">Pour recevoir les propositions de services et les conseils de beaut\u00e9 pour mieux prot\u00e9ger votre peau<\/p>\n        <div class=\"u-expanded-width-xs u-form u-form-1\">\n          <form action=\"https:\/\/forms.nicepagesrv.com\/v2\/form\/process\" class=\"u-clearfix u-form-spacing-17 u-form-vertical u-inner-form\" style=\"padding: 10px\" source=\"email\" name=\"form\">\n            <div class=\"u-form-group u-form-name u-form-partition-factor-2 u-form-group-1\">\n              <label class=\"u-form-control-hidden u-label u-label-1\" data-lang-fr=\"Name\">Name<\/label>\n              <input type=\"text\" placeholder=\"Name\" id=\"name-91da\" name=\"name\" class=\"u-border-2 u-border-white u-input u-input-rectangle u-radius-6\" required=\"\" data-lang-fr=\"Name\">\n            <\/div>\n            <div class=\"u-form-email u-form-group u-form-partition-factor-2 u-form-group-2\">\n              <label class=\"u-form-control-hidden u-label u-label-2\" data-lang-fr=\"Email\">Email<\/label>\n              <input type=\"email\" placeholder=\"Enter a valid email address\" id=\"email-2555\" name=\"email\" class=\"u-border-2 u-border-white u-input u-input-rectangle u-radius-6\" required=\"\" data-lang-fr=\"Enter a valid email address\">\n              <div id=\"pwm-inline-icon-11680\" class=\"pwm-field-icon\" style=\"margin-top: -11px; margin-left: 129px; position: absolute !important; width: 18px; height: 18px; min-height: 0px; min-width: 0px; z-index: 2147483645 !important; box-shadow: none !important; box-sizing: content-box !important; background: none !important; border: none !important; padding: 0px; cursor: pointer !important; outline: none !important;\">\n                <svg style=\"display: inline-block !important; width: 16px; height: 16px; fill: rgb(230, 0, 23) !important; margin-top: 1px; position: absolute !important; top: 0px; left: 0px;\" viewBox=\"0 0 40 64\"><g><path d=\"m20,28.12a33.78,33.78 0 0 1 13.36,2.74a22.18,22.18 0 0 1 0.64,5.32c0,9.43 -5.66,17.81 -14,20.94c-8.34,-3.13 -14,-11.51 -14,-20.94a22.2,22.2 0 0 1 0.64,-5.32a33.78,33.78 0 0 1 13.36,-2.74m0,-28.12c-8.82,0 -14,7.36 -14,16.41l0,5.16c2,-1.2 2,-1.49 5,-2.08l0,-3.08c0,-6.21 2.9,-11.41 8.81,-11.41l0.19,0c6.6,0 9,4.77 9,11.41l0,3.08c3,0.58 3,0.88 5,2.08l0,-5.16c0,-9 -5.18,-16.41 -14,-16.41l0,0zm0,22c-6.39,0 -12.77,0.67 -18.47,4a31.6,31.6 0 0 0 -1.53,9.74c0,13.64 8.52,25 20,28.26c11.48,-3.27 20,-14.63 20,-28.26a31.66,31.66 0 0 0 -1.54,-9.77c-5.69,-3.3 -12.08,-4 -18.47,-4l0,0l0.01,0.03z\"><\/path><path d=\"m21.23,39.5a2.81,2.81 0 0 0 1.77,-2.59a2.94,2.94 0 0 0 -3,-2.93a3,3 0 0 0 -3,3a2.66,2.66 0 0 0 1.77,2.48l-1.77,4.54l6,0l-1.77,-4.5z\"><\/path>\n<\/g><\/svg>\n              <\/div>\n            <\/div>\n            <div class=\"u-align-left u-form-group u-form-submit\">\n              <a href=\"#\" class=\"u-btn u-btn-submit u-button-style u-hover-palette-1-dark-1 u-palette-2-light-2 u-btn-1\" data-lang-fr=\"{&quot;content&quot;:&quot;Subscribe now&quot;,&quot;href&quot;:&quot;#&quot;}\">INSCRIVEZ VOUS<\/a>\n              <input type=\"submit\" value=\"submit\" class=\"u-form-control-hidden\" wfd-id=\"id1552\">\n            <\/div>\n            <div class=\"u-form-send-message u-form-send-success\" data-lang-fr=\"\n            Thank you! Your message has been sent.\n        \"> Thank you! Your message has been sent. <\/div>\n            <div class=\"u-form-send-error u-form-send-message\" data-lang-fr=\"\n            Unable to send your message. Please fix errors then try again.\n        \"> Unable to send your message. Please fix errors then try again. <\/div>\n            <input type=\"hidden\" value=\"\" name=\"recaptchaResponse\" wfd-id=\"id1553\">\n            <input type=\"hidden\" name=\"formServices\" value=\"2141cb7f-cba0-06d0-e5f2-4751193ebd2a\">\n          <\/form>\n        <\/div>\n      <\/div>\n    <\/section>\n    \n    \n    \n  \n<\/div>","protected":false},"excerpt":{"rendered":"<p>Bienfaits de notre institut&nbsp; Nous vous accueillons dans un espace chaleureux et appesant en vous proposant des prestations de qualit\u00e9 pour prendre soin de vous et relever la beaut\u00e9 naturelle qui se cache en vous. Laissez nous un message Votre nom Email Date du rendez-vous Votre num\u00e9ro Nous vous \u00e9coutons Submit Thank you! Your message [&hellip;]<\/p>\n","protected":false},"author":1,"featured_media":0,"parent":0,"menu_order":3,"comment_status":"closed","ping_status":"closed","template":"","meta":{"footnotes":""},"_links":{"self":[{"href":"https:\/\/institutclara.fr\/index.php\/wp-json\/wp\/v2\/pages\/73"}],"collection":[{"href":"https:\/\/institutclara.fr\/index.php\/wp-json\/wp\/v2\/pages"}],"about":[{"href":"https:\/\/institutclara.fr\/index.php\/wp-json\/wp\/v2\/types\/page"}],"author":[{"embeddable":true,"href":"https:\/\/institutclara.fr\/index.php\/wp-json\/wp\/v2\/users\/1"}],"replies":[{"embeddable":true,"href":"https:\/\/institutclara.fr\/index.php\/wp-json\/wp\/v2\/comments?post=73"}],"version-history":[{"count":8,"href":"https:\/\/institutclara.fr\/index.php\/wp-json\/wp\/v2\/pages\/73\/revisions"}],"predecessor-version":[{"id":480,"href":"https:\/\/institutclara.fr\/index.php\/wp-json\/wp\/v2\/pages\/73\/revisions\/480"}],"wp:attachment":[{"href":"https:\/\/institutclara.fr\/index.php\/wp-json\/wp\/v2\/media?parent=73"}],"curies":[{"name":"wp","href":"https:\/\/api.w.org\/{rel}","templated":true}]}}