{"id":118,"date":"2023-10-09T12:02:30","date_gmt":"2023-10-09T10:02:30","guid":{"rendered":"https:\/\/institutclara.fr\/?page_id=118"},"modified":"2024-07-07T19:58:30","modified_gmt":"2024-07-07T17:58:30","slug":"soins-visage-rdv","status":"publish","type":"page","link":"https:\/\/institutclara.fr\/index.php\/soins-visage-rdv\/","title":{"rendered":"FAQ"},"content":{"rendered":"<div class=\"\" style=\"\" >\n    \n    <section class=\"u-align-left u-clearfix u-image u-shading u-section-2\" id=\"carousel_b5d1\" data-image-width=\"1000\" data-image-height=\"667\" style=\"background-image: linear-gradient(0deg, rgba(0, 0, 0, 0.8), rgba(0, 0, 0, 0.8)), url(&quot;https:\/\/institutclara.fr\/wp-content\/uploads\/2023\/10\/Esthetician-1.jpeg&quot;);\">\n      <div class=\"u-clearfix u-sheet u-valign-middle-lg u-valign-middle-md u-valign-middle-sm u-valign-middle-xl u-sheet-1\">\n        <h2 class=\"u-text u-text-default u-text-1\">Foire Aux Questions<\/h2>\n        <p class=\"u-text u-text-2\">Retrouvez ici toutes les questions relatives \u00e0 l'utilisation de notre plate-forme institutclara.fr<\/p>\n        <div class=\"u-accordion u-expanded-width u-faq u-spacing-10 u-accordion-1\">\n          <div class=\"u-accordion-item\">\n            <a class=\"active u-accordion-link u-active-white u-button-style u-custom-font u-font-merriweather u-text-active-grey-40 u-text-hover-custom-color-4 u-text-palette-2-light-2 u-accordion-link-1\" id=\"link-accordion-f600\" aria-controls=\"accordion-f600\" aria-selected=\"true\">\n              <span class=\"u-accordion-link-text\"><span class=\"u-icon\"><\/span>&nbsp;Comment prendre un rendez-vous ?\n              <\/span><span class=\"u-accordion-link-icon u-custom-color-4 u-file-icon u-icon u-icon-circle u-text-white u-icon-2\"><img src=\"data:image\/png;base64,iVBORw0KGgoAAAANSUhEUgAAAIAAAACACAYAAADDPmHLAAAAAXNSR0IArs4c6QAABCNJREFUeF7tnD2OE0EQhV+fgJ8IRA45BIvEAeAAwGVI4TLsBUCkIOAKkC8iAmKCRi1sabBsM+OaGfer95xssjWuet\/nmtmV3AV+SSdQpKf38LAA4hJYAAsgnoD4+N4AFkA8AfHxvQEsgHgC4uN7A1gA8QTEx\/cGsADiCYiP7w1gAcQTEB\/fG8ACiCcgPr43gAUQT0B8fG8ACyCegPj43gAWQDwB8fG9ASyAeALi43sDWADxBMTH9wawAOIJiI\/vDWABxBMQH98bwAKIJyA+vjeABRBPQHx8bwALIJ6A+PjeABZAPAHx8b0BLMD8CdRa7wF4CeDR5uofALwopXyZ\/93yXXHN\/GbfAJvmPwK4sYPmJ4AnpZTP+ZDNN1Gt9QLAGwDXd676A8DDuT9ESwhwCeDpgUh+AXhsCfans4H\/FsC1A\/ldllKez6cb5j8ostb6DcCtI002Cdom+DTnIOzXqrU+APBuz+Ycjva9lHIs28kxLLEBrgDc\/k8nlmAQ0Ej4reKqlHJnMuUjBUsI8BrAsxFN+nYAYMTaH0ZJcQu4C6A96O0+xOxzQlqCifDbQ\/RF9w+BjXKt9f7mfnZz5CaQeyaYsPZbhIt9UGa\/BWyBW4LD6vcCv3W4mADeBAf\/1BvztL8tXuyTv32DRQWwBP9K0NMnfzUBLMHfqHuEv\/gtYOi\/8jNBr\/BXFUB1E\/QMf3UB1CToHf5ZBFCRgAH+2QTILgEL\/LMKkFUCJvhnFyCbBGzwuxAgiwSM8LsRgF0CVvhdCcAqATP87gRgk4AdfpcCsEiQAX63AvQuQRb4XQvQqwSZ4HcvQG8SZINPIUAvEmSETyPAuSXICp9KgHNJkBk+nQBrS5AdPqUAa0mgAJ9WgKUlUIFPLcBSEijBpxdgbgnU4KcQYC4JFOGnESAqgSr8VAKcKgGA3yNO5miXb6\/Fv6u3faO1fi7+3cC1Btm+z8Tv3Deg7XXoTJ5h++ngp9sAAwmmnE8wxtGU8NMKcMLt4JgEaeGnFmAmCVLDTy9AUIL08CUEOFECCfgyAkyUQAa+lAAjJZCCLyfARoJDhzFLHmad7h9BY\/6or7W2wyxfDY6zf785zv7rmPpMvyMpQCaA0VksQDRB8noLQA4w2r4FiCZIXm8ByAFG27cA0QTJ6y0AOcBo+xYgmiB5vQUgBxht3wJEEySvtwDkAKPtW4BoguT1FoAcYLR9CxBNkLzeApADjLZvAaIJktdbAHKA0fYtQDRB8noLQA4w2r4FiCZIXm8ByAFG27cA0QTJ6y0AOcBo+xYgmiB5vQUgBxht3wJEEySvtwDkAKPtW4BoguT1FoAcYLR9CxBNkLzeApADjLZvAaIJktdbAHKA0fYtQDRB8noLQA4w2r4FiCZIXm8ByAFG27cA0QTJ6y0AOcBo+xYgmiB5\/R8f4\/6QYi42qAAAAABJRU5ErkJggg==\" alt=\"\"><\/span>\n            <\/a>\n            <div class=\"u-accordion-active u-accordion-pane u-container-style u-shape-rectangle u-accordion-pane-1\" id=\"accordion-f600\" aria-labelledby=\"link-accordion-f600\">\n              <div class=\"u-container-layout u-container-layout-1\">\n                <div class=\"fr-view u-clearfix u-rich-text u-text\" data-animation-name=\"pulse\" data-animation-duration=\"1000\" data-animation-direction=\"\">\n                  <p style=\"line-height: 0.33;\">\n                    <img src=\"https:\/\/institutclara.fr\/wp-content\/uploads\/2023\/10\/Esthetician-1.jpeg\" width=\"160\" style=\"width: 160px;\" class=\"fr-dib fr-fic\">\n                  <\/p>\n                  <p>La prise de rendez-vous dans votre institut de beaut\u00e9 Clara se fait de la mani\u00e8re la plus simple possible :<\/p>\n                  <p>&nbsp; &nbsp;<span style=\"font-size: 1.25rem; font-weight: 700;\">1.<\/span> Choisir le soin pour lequel vous voulez &nbsp;prendre un rendez-vous&nbsp;\n                  <\/p>\n                  <p>&nbsp; &nbsp; <span style=\"font-weight: 700; font-size: 1.25rem;\">2.<\/span> Remplissez correctement le formulaire de prise de rendez-vous, faites attention au fuseaux horaire (si vous \u00eates en France choisissez le fuseau horaire de l'Europe central )\n                  <\/p>\n                  <p>&nbsp; &nbsp; &nbsp;<span style=\"font-weight: 700; font-size: 1.25rem;\">3.<\/span> Une fois le rendez-vous pris, vous recevez automatiquement un mail de confirmation \u00e0 l'int\u00e9rieur duquel toutes les information relative \u00e0 votre rendez-vous y figurent.\n                  <\/p>\n                  <p>\n                    <br>\n                  <\/p>\n                <\/div>\n              <\/div>\n            <\/div>\n          <\/div>\n          <div class=\"u-accordion-item\">\n            <a class=\"u-accordion-link u-active-white u-button-style u-custom-font u-font-merriweather u-text-active-grey-40 u-text-hover-custom-color-4 u-text-palette-2-light-2 u-accordion-link-2\" id=\"link-accordion-72f4\" aria-controls=\"accordion-72f4\" aria-selected=\"false\">\n              <span class=\"u-accordion-link-text\">O\u00f9 est situ\u00e9 l'institut de beaut\u00e9 Clara ?<\/span><span class=\"u-accordion-link-icon u-custom-color-4 u-file-icon u-icon u-icon-circle u-text-white u-icon-3\"><img src=\"data:image\/png;base64,iVBORw0KGgoAAAANSUhEUgAAAIAAAACACAYAAADDPmHLAAAAAXNSR0IArs4c6QAACzNJREFUeF7tXXfspUUVPcfeYjf23lvUxA4qKNUFFFQMouuCKCYKBFGwgVFERQWiYKKAomKJvYG995aowYq9a+xGxX7M2dwfvt39lW\/mzXvfmzdzk98\/u3On3Dlvvntn5p4hujRtATY9+j54dAA0DoIOgA6Axi3Q+PD7CtAB0LgFGh9+XwE6ABq3QOPD7ytAB0DjFmh8+H0F6ABo3AKND7+vAB0AjVug8eH3FaADoHELND78vgJ0ADRugcaH31eADoDGLdD48PsK0AHQuAUaH35fAToAGrdA48PvK0AHwP8tIOkKAO4I4PoAvgXgQpL\/adxGVQ9f0iUB3ArAbQH8HMAFJP+2MqitK4CkSwA4EsBJAAyCFfkhgMeQ\/FjVVmi085J2BfBKADedMIEn\/+kATif53xUAvBrAo9ewkwAcTfIljdqxymFLOgrAacCa2V+vIbmFkh4I4PwNRmkQPIrk66u0RmOdlnQwgHPXmfwVi2wyAN4DYJ8BNvoXgP1Ivn9A2V5kJAtI2gvAuwFcekAXzjMAfgHgugMKu8hfATyA5BcGlu\/F5mgBSfcA8BEAVxzY7C9TAeB6fwfgPiQdJXRZEAtIspf\/KQDXSOjSVgAM\/QRM1vtTAPcm+bOExnrRGVlA0g0AfBbADROb2PoJGOIErlbvN2Ml+H1io714QQtIunr88m+XUe2mlTDwtfbyMyr4fPgEF28sZNTRVTItEBt3\/ubfM6OKc0luXgHA5QF82Mt6RkXvi+jg3xm6XSXTApIuFd7+3hlV+HOxG8mLLj4LkHS1WEpun1Hh6wBsJun9gi4ztoAkz5tX7UdmNPWN+HT\/wbrbHAZJ8hmA0XGjjIpPJXlMhl5XSbSApFMAPClRzcV\/Es67zwS2yg6ngZJuDeDTAK6Z0cBxJF+YoddVBlpA0rEATh5YfLLYbwHsTPI7k\/+46nGwpLsB8AHQ0A2FyToPJXlORge7ygYWkHQIgFdlGMobeLuS\/NL2umveB5C0B4DzBm4pTtZrZ\/AAkt5f6FLIApL2BfB2AHb+UsRb+PuQ\/OBqSuteCJF0EAAfAKVeHLkIwB4k\/SnpMqUFJO0MwBPoaC1F7JQfTPKNayltOLGSjgDw0pRWo+wfw9v8eoZuVwkLSLpDRGdXzTDKkSRPX09vQwBYWdJzATwjowM+aPKW8Y8zdJtXkXTjiMqul2GMk0g+cyO9QQAIEJwJ4LEbVbjK\/18Y3udvMnSbVZF0rYjGfJ0rVc4i+bghSikA8N2ytwDYf0jF25X5cnihf8nQbU5F0pUiCrtrxuDfAeBhQ+9yDgZArAKXBfABAPfL6NiHwhv9Z4ZuMyqSLhPR1+4Zg\/4EgD1J\/mOobhIAAgRXBuCG7jy0kYlybwLwCF9GzNBdepW4nPsGAA\/PGOxX\/cMk+ecU3WQABAiuA+AzAG6W0liUPYOkI4su21lAkj32J2YY5gcAdiL5q1TdLAAECG4eILh2aqMAjifpyKJLWECSPfYTMwzy65j872foJm\/wbNOGpLsA+DgAfxZS5XCSjiyaF0n22F+RYQgv97uQ\/EqG7laV7BVgpUFJuwDwTWE7iCliP8Deqrc3mxVJB0R05eScFLGjtxdJ\/wCzZWoAuOWxB5E9+pEVF+HHUwQAAYLDAbw8w6Zexuy92ottRiQ5inI0lfP5fDzJnE\/GDvYtBoAAwfEAnpMxi1M5MhntjaoiaRoH+gSSOc7iqmMuCoAAQW4oYy\/WoYzBsLQiyVGTQ2iDIFWKh9CzAICdmbluZqRacazykhZuE604AGIVmGY7016tvdvB25ljTWhKu5IcJTlactSUKjPbRp8JAAIE0xxoODR0iLgUW8axxeuDNId8qTLTg7SZASBA4Iul\/t7lHGmeSdKRRfUiyR77oOPZ7Qbro3T7Rb7QOROZKQACBNNcajiR5AkzGfmcKpXkqMjRUarM5TLNzAEQIPC1pk8CcPJJqhxB8oxUpUUoL8kHO+teyVqjn07auC\/JmV+nmwsAAgQ7AbAzk3qx0X6Aj5B9lFyNSPKRrqOh1C1eX6jdnaQ\/nTOXuQEgQGAmEt9YSb3a7Eskm0g6f3HhRdJuQbvjaChFfKV+f5K+jj8XmSsAAgRbAOQkjvg6mZMb7BUvrEjyNS4n1TgKSpVDSJqwa24ydwAECJ4CICeFzBdLnd5k73jhRJKjHedC+EJnqhxL8kWpStOWHwUAAYIXA8hJJvUVc181t5e8MCLJV7edWOuoJ1VOIfnkVKUS5ccEgNv2crc5YyAXhJfs5JPRRZKTNhzlmGU1VZzmvWWs1PrRABCrgJ3BdwEwTU2qeKl1+pm95tFEkqMap205fStV3gvgQSRHI9cYFQABAlPT2ru\/V6r1ADgB1V7zKHzGwcPrqMaJm6nyuWDpGJVeZ3QABAimITo6h+ShqdYvUV6SU7Wdsp0qC0OwtRAACBCY6sybHznsJCeTfGrqLExTXtILAByXUYdZOry\/vxAUewsDgADBbSKMSiE7XJmDY0iemjEhySqSTM9impZUMcmmw9hvpyrOqvxCASBAcHcAH81gJ3EuvImqTFg1M5FkYiZ77qm2M0vH\/Ul+cWady6g4dRAZTaSrSNozHLwhhMeTDdibNqG1qeuKiyRTspmIOXUr2ywd+5J0XuVCyUICIFaCXHYSe9UmtDaJZTGRZDJGkzJOPqgxpP4NWTqGVDKrMgsLgACBXzHJeajC9LX+1hYhtA4iZu87OFpJlaNI5jCspLaTVX6hARAg8DM2fuIkVexle8vYxNbZIskEzN7idZSSKs8jmcOsktpOdvmFB0CA4CwAh2WM0iuAqe3tfSeLJEcjpmA3FXuqnE0yh1EltZ2pytcCALOTvBXAgzNGm0VoPSUR8zsBPHSsHcoUG1UBgFgFLhfXqnPYSXwd29GBvfENRZKjD3v7fn4lVZzu5Wvtf09VHKN8NQAIEFwl8unulGEs8x364at1Ca2DiNkPLvnhpVT5WuQ5\/ilVcazyVQEgQDANO8lpJNclWZbk3cSjMyYkm6Ujo61iKtUBIEBwi9gyzmEneRpJ7+PvIJJ8nvD8DOs6n9Fh5\/cydEdVqRIAAYJp2En8Guo2pMuSfKLoVzZTZWqWjtQGS5avFgABAj+N6m3fVHYS3x8wobUdPRNc7BdEzI42UsT5i3vX\/LRu1QCIyXsIgDdn3L+3l77Cxed8BUcZKeJ8hQNJvi1FadHKVg+AAEEuO8nKncIcIuZiLB1jgmIpABAgcA7hs+dkzGeRzGFCmVP3hjezNAAIEDiH8AnDh59V8mUkc8gcsxqbtdKyAcB5eH4c4cAZGc6+xkHLwltgGy0VAGIVcD7e+b5xWxgEvrns\/MSlIrteOgAECKZhJ1kNNzNl6SgM1KTqlhIAAYJpHlyYNOJSP3ixtAAIENwkrprnPLniKpx\/6CvcP0r6WVVUeKkBECBwvp7z9lJjfe8RmKXDeYhLK0sPgABB6rNrzTx71wQAAgTO33Me30b7\/T4ncL5hEw9fNgOAAIHZSXzitxZvj\/f3fVI4V5aOMb8vTQEgQODMo7NXyeX3t\/6wRcvcmTU4mgNAgMCfgVvGn\/\/pu\/6r4RJnaUA0CYDSRqy5vg6AmmevQN87AAoYseYqOgBqnr0Cfe8AKGDEmqvoAKh59gr0vQOggBFrrqIDoObZK9D3DoACRqy5ig6AmmevQN87AAoYseYqOgBqnr0Cfe8AKGDEmqvoAKh59gr0vQOggBFrrqIDoObZK9D3DoACRqy5ig6AmmevQN87AAoYseYqOgBqnr0Cfe8AKGDEmqvoAKh59gr0vQOggBFrrqIDoObZK9D3DoACRqy5ig6AmmevQN\/\/Bx72EmLy161AAAAAAElFTkSuQmCC\" alt=\"\"><\/span>\n            <\/a>\n            <div class=\"u-accordion-pane u-container-style u-shape-rectangle u-accordion-pane-2\" id=\"accordion-72f4\" aria-labelledby=\"link-accordion-72f4\">\n              <div class=\"u-container-layout u-container-layout-2\">\n                <div class=\"fr-view u-clearfix u-rich-text u-text\">\n                  <p>Nous somme situ\u00e9 au&nbsp;<\/p>\n                  <p id=\"isPasted\">36 Cr de la Somme, 33800 Bordeaux, France<a href=\"https:\/\/www.bing.com\/maps?osid=2d3accff-d8d7-4ea7-86f6-4d1918dd35e1&amp;cp=44.865116~-0.709305&amp;lvl=11&amp;pi=0&amp;imgid=30710815-045e-4a57-bf52-bdea966fcd87&amp;v=2&amp;sV=2&amp;form=S00027\"><\/a>\n                  <\/p>\n                <\/div>\n              <\/div>\n            <\/div>\n          <\/div>\n          <div class=\"u-accordion-item\">\n            <a class=\"u-accordion-link u-active-white u-button-style u-custom-font u-font-merriweather u-text-active-grey-40 u-text-hover-custom-color-4 u-text-palette-2-light-2 u-accordion-link-3\" id=\"link-accordion-854e\" aria-controls=\"accordion-854e\" aria-selected=\"false\">\n              <span class=\"u-accordion-link-text\">Comment savoir quand nous sommes en promotion sur nos soins de beaut\u00e9 ?<\/span><span class=\"u-accordion-link-icon u-custom-color-4 u-file-icon u-icon u-icon-circle u-text-white u-icon-4\"><img src=\"data:image\/png;base64,iVBORw0KGgoAAAANSUhEUgAAAIAAAACACAYAAADDPmHLAAAAAXNSR0IArs4c6QAABCNJREFUeF7tnD2OE0EQhV+fgJ8IRA45BIvEAeAAwGVI4TLsBUCkIOAKkC8iAmKCRi1sabBsM+OaGfer95xssjWuet\/nmtmV3AV+SSdQpKf38LAA4hJYAAsgnoD4+N4AFkA8AfHxvQEsgHgC4uN7A1gA8QTEx\/cGsADiCYiP7w1gAcQTEB\/fG8ACiCcgPr43gAUQT0B8fG8ACyCegPj43gAWQDwB8fG9ASyAeALi43sDWADxBMTH9wawAOIJiI\/vDWABxBMQH98bwAKIJyA+vjeABRBPQHx8bwALIJ6A+PjeABZAPAHx8b0BLMD8CdRa7wF4CeDR5uofALwopXyZ\/93yXXHN\/GbfAJvmPwK4sYPmJ4AnpZTP+ZDNN1Gt9QLAGwDXd676A8DDuT9ESwhwCeDpgUh+AXhsCfans4H\/FsC1A\/ldllKez6cb5j8ostb6DcCtI002Cdom+DTnIOzXqrU+APBuz+Ycjva9lHIs28kxLLEBrgDc\/k8nlmAQ0Ej4reKqlHJnMuUjBUsI8BrAsxFN+nYAYMTaH0ZJcQu4C6A96O0+xOxzQlqCifDbQ\/RF9w+BjXKt9f7mfnZz5CaQeyaYsPZbhIt9UGa\/BWyBW4LD6vcCv3W4mADeBAf\/1BvztL8tXuyTv32DRQWwBP9K0NMnfzUBLMHfqHuEv\/gtYOi\/8jNBr\/BXFUB1E\/QMf3UB1CToHf5ZBFCRgAH+2QTILgEL\/LMKkFUCJvhnFyCbBGzwuxAgiwSM8LsRgF0CVvhdCcAqATP87gRgk4AdfpcCsEiQAX63AvQuQRb4XQvQqwSZ4HcvQG8SZINPIUAvEmSETyPAuSXICp9KgHNJkBk+nQBrS5AdPqUAa0mgAJ9WgKUlUIFPLcBSEijBpxdgbgnU4KcQYC4JFOGnESAqgSr8VAKcKgGA3yNO5miXb6\/Fv6u3faO1fi7+3cC1Btm+z8Tv3Deg7XXoTJ5h++ngp9sAAwmmnE8wxtGU8NMKcMLt4JgEaeGnFmAmCVLDTy9AUIL08CUEOFECCfgyAkyUQAa+lAAjJZCCLyfARoJDhzFLHmad7h9BY\/6or7W2wyxfDY6zf785zv7rmPpMvyMpQCaA0VksQDRB8noLQA4w2r4FiCZIXm8ByAFG27cA0QTJ6y0AOcBo+xYgmiB5vQUgBxht3wJEEySvtwDkAKPtW4BoguT1FoAcYLR9CxBNkLzeApADjLZvAaIJktdbAHKA0fYtQDRB8noLQA4w2r4FiCZIXm8ByAFG27cA0QTJ6y0AOcBo+xYgmiB5vQUgBxht3wJEEySvtwDkAKPtW4BoguT1FoAcYLR9CxBNkLzeApADjLZvAaIJktdbAHKA0fYtQDRB8noLQA4w2r4FiCZIXm8ByAFG27cA0QTJ6y0AOcBo+xYgmiB5\/R8f4\/6QYi42qAAAAABJRU5ErkJggg==\" alt=\"\"><\/span>\n            <\/a>\n            <div class=\"u-accordion-pane u-container-style u-shape-rectangle u-accordion-pane-3\" id=\"accordion-854e\" aria-labelledby=\"link-accordion-854e\">\n              <div class=\"u-container-layout u-container-layout-3\">\n                <div class=\"fr-view u-clearfix u-rich-text u-text\">\n                  <p>Pour conna\u00eetre quand nous faisons une promotion, il faut vous inscrire \u00e0 notre news letter pour avoir la bonne info au bon moment.<\/p>\n                <\/div>\n              <\/div>\n            <\/div>\n          <\/div>\n        <\/div>\n      <\/div>\n    <\/section>\n    <section class=\"u-align-center u-clearfix u-palette-1-light-2 u-section-3\" id=\"sec-1b50\">\n      <div class=\"u-clearfix u-sheet u-sheet-1\">\n        <h2 class=\"u-align-center u-text u-text-default-lg u-text-default-xl u-text-1\" data-animation-name=\"customAnimationIn\" data-animation-duration=\"1500\">Inscrivez vous \u00e0 notre newsletter ?<\/h2>\n        <p class=\"u-align-center u-large-text u-text u-text-default u-text-variant u-text-2\" data-animation-name=\"customAnimationIn\" data-animation-duration=\"1500\" data-animation-delay=\"500\"> Subscribe to our newsletter to receive inspiration and advice!<\/p>\n        <div class=\"u-form u-form-1\">\n          <form action=\"https:\/\/forms.nicepagesrv.com\/v2\/form\/process\" class=\"u-clearfix u-form-spacing-17 u-form-vertical u-inner-form\" style=\"padding: 10px\" source=\"email\" name=\"form\">\n            <div class=\"u-form-group u-form-name u-form-partition-factor-2 u-form-group-1\">\n              <label class=\"u-form-control-hidden u-label u-label-1\">Name<\/label>\n              <input type=\"text\" placeholder=\"Name\" id=\"name-91da\" name=\"name\" class=\"u-border-2 u-border-white u-input u-input-rectangle u-radius-6\" required=\"\">\n            <\/div>\n            <div class=\"u-form-email u-form-group u-form-partition-factor-2 u-form-group-2\">\n              <label class=\"u-form-control-hidden u-label u-label-2\">Email<\/label>\n              <input type=\"email\" placeholder=\"Enter a valid email address\" id=\"email-2555\" name=\"email\" class=\"u-border-2 u-border-white u-input u-input-rectangle u-radius-6\" required=\"\">\n            <\/div>\n            <div class=\"u-align-left u-form-group u-form-submit\">\n              <a href=\"#\" class=\"u-btn u-btn-submit u-button-style u-hover-palette-1-dark-1 u-palette-2-light-2 u-btn-1\">Subscribe now<\/a>\n              <input type=\"submit\" value=\"submit\" class=\"u-form-control-hidden\" wfd-id=\"id1552\">\n            <\/div>\n            <div class=\"u-form-send-message u-form-send-success\"> Thank you! Your message has been sent. <\/div>\n            <div class=\"u-form-send-error u-form-send-message\"> Unable to send your message. Please fix errors then try again. <\/div>\n            <input type=\"hidden\" value=\"\" name=\"recaptchaResponse\" wfd-id=\"id1553\">\n            <input type=\"hidden\" name=\"formServices\" value=\"2141cb7f-cba0-06d0-e5f2-4751193ebd2a\">\n          <\/form>\n        <\/div>\n      <\/div>\n    <\/section>\n    \n    \n    \n    \n  \n<\/div>","protected":false},"excerpt":{"rendered":"<p>Foire Aux Questions Retrouvez ici toutes les questions relatives \u00e0 l&rsquo;utilisation de notre plate-forme institutclara.fr &nbsp;Comment prendre un rendez-vous ? La prise de rendez-vous dans votre institut de beaut\u00e9 Clara se fait de la mani\u00e8re la plus simple possible : &nbsp; &nbsp;1. Choisir le soin pour lequel vous voulez &nbsp;prendre un rendez-vous&nbsp; &nbsp; &nbsp; 2. [&hellip;]<\/p>\n","protected":false},"author":1,"featured_media":0,"parent":0,"menu_order":0,"comment_status":"closed","ping_status":"closed","template":"","meta":{"footnotes":""},"_links":{"self":[{"href":"https:\/\/institutclara.fr\/index.php\/wp-json\/wp\/v2\/pages\/118"}],"collection":[{"href":"https:\/\/institutclara.fr\/index.php\/wp-json\/wp\/v2\/pages"}],"about":[{"href":"https:\/\/institutclara.fr\/index.php\/wp-json\/wp\/v2\/types\/page"}],"author":[{"embeddable":true,"href":"https:\/\/institutclara.fr\/index.php\/wp-json\/wp\/v2\/users\/1"}],"replies":[{"embeddable":true,"href":"https:\/\/institutclara.fr\/index.php\/wp-json\/wp\/v2\/comments?post=118"}],"version-history":[{"count":8,"href":"https:\/\/institutclara.fr\/index.php\/wp-json\/wp\/v2\/pages\/118\/revisions"}],"predecessor-version":[{"id":494,"href":"https:\/\/institutclara.fr\/index.php\/wp-json\/wp\/v2\/pages\/118\/revisions\/494"}],"wp:attachment":[{"href":"https:\/\/institutclara.fr\/index.php\/wp-json\/wp\/v2\/media?parent=118"}],"curies":[{"name":"wp","href":"https:\/\/api.w.org\/{rel}","templated":true}]}}